List the prime factors of 11301492.
2, 3, 941791
What are the prime factors of 174381?
3, 37, 1571
What are the prime factors of 1469431?
31, 107, 443
What are the prime factors of 87443?
87443
List the prime factors of 6355582.
2, 29, 109579
What are the prime factors of 5693?
5693
List the prime factors of 833342.
2, 31, 13441
List the prime factors of 7322389.
7322389
What are the prime factors of 1506120?
2, 3, 5, 7, 11, 163
List the prime factors of 118623.
3, 39541
What are the prime factors of 456931?
19, 24049
List the prime factors of 786279.
3, 13, 20161
What are the prime factors of 169503?
3, 56501
List the prime factors of 24179720.
2, 5, 149, 4057
List the prime factors of 378566.
2, 29, 61, 107
List the prime factors of 351046.
2, 175523
What are the prime factors of 3308464?
2, 206779
What are the prime factors of 160713?
3, 7, 2551
What are the prime factors of 1255587?
3, 139, 3011
List the prime factors of 193218.
2, 3, 32203
What are the prime factors of 227285?
5, 131, 347
What are the prime factors of 5874844?
2, 23, 63857
List the prime factors of 156027.
3, 52009
List the prime factors of 17105467.
1597, 10711
List the prime factors of 136648.
2, 19, 29, 31
List the prime factors of 953184.
2, 3, 9929
What are the prime factors of 26776615?
5, 17, 101, 3119
List the prime factors of 916412.
2, 7, 23, 1423
List the prime factors of 13282448.
2, 830153
What are the prime factors of 2179795?
5, 547, 797
List the prime factors of 1557653.
1557653
List the prime factors of 356005.
5, 13, 5477
What are the prime factors of 456460?
2, 5, 29, 787
List the prime factors of 297514.
2, 7, 79, 269
List the prime factors of 3940884.
2, 3, 109469
What are the prime factors of 871220?
2, 5, 7, 127
List the prime factors of 10753537.
17, 632561
List the prime factors of 551251.
97, 5683
List the prime factors of 38251389.
3, 11, 19, 61007
List the prime factors of 14694633.
3, 113, 14449
What are the prime factors of 210145?
5, 13, 53, 61
List the prime factors of 3321217.
3321217
What are the prime factors of 4253841?
3, 59, 8011
What are the prime factors of 1155461?
1155461
List the prime factors of 2748605.
5, 241, 2281
List the prime factors of 3260550.
2, 3, 5, 21737
What are the prime factors of 7740183?
3, 11, 79, 2969
What are the prime factors of 2293849?
2293849
List the prime factors of 2406716.
2, 13, 31, 1493
List the prime factors of 25309.
25309
What are the prime factors of 15464392?
2, 1933049
List the prime factors of 361772.
2, 149, 607
What are the prime factors of 446600?
2, 5, 7, 11, 29
What are the prime factors of 5850326?
2, 23, 89, 1429
What are the prime factors of 7051341?
3, 11, 157, 1361
List the prime factors of 191306.
2, 41, 2333
List the prime factors of 4616829.
3, 7, 19, 29
List the prime factors of 26788.
2, 37, 181
What are the prime factors of 1239474?
2, 3, 167, 1237
List the prime factors of 762769.
7, 108967
List the prime factors of 22668680.
2, 5, 566717
What are the prime factors of 3385516?
2, 17, 49787
List the prime factors of 288626.
2, 13, 17, 653
What are the prime factors of 2642767?
19, 367, 379
What are the prime factors of 410598?
2, 3, 22811
What are the prime factors of 19971892?
2, 4992973
List the prime factors of 634309.
13, 59, 827
List the prime factors of 13581508.
2, 641, 5297
List the prime factors of 1992503.
29, 127, 541
List the prime factors of 9220980.
2, 3, 5, 313, 491
List the prime factors of 853661.
41, 47, 443
List the prime factors of 633539.
17, 83, 449
What are the prime factors of 3985908?
2, 3, 332159
What are the prime factors of 1143778?
2, 337, 1697
List the prime factors of 779850.
2, 3, 5, 1733
List the prime factors of 1755580.
2, 5, 61, 1439
What are the prime factors of 239229?
3, 19, 1399
What are the prime factors of 138402?
2, 3, 11, 233
What are the prime factors of 805895?
5, 89, 1811
List the prime factors of 489258.
2, 3, 7, 11, 353
List the prime factors of 16524507.
3, 5508169
List the prime factors of 3672145.
5, 734429
List the prime factors of 1754395.
5, 67, 5237
What are the prime factors of 2005627?
13, 154279
List the prime factors of 7818792.
2, 3, 325783
List the prime factors of 11321502.
2, 3, 1886917
List the prime factors of 7693460.
2, 5, 384673
What are the prime factors of 10418137?
19, 548323
List the prime factors of 20504788.
2, 17, 331, 911
List the prime factors of 8600906.
2, 47, 91499
List the prime factors of 3410734.
2, 37, 46091
List the prime factors of 8430376.
2, 19, 37, 1499
What are the prime factors of 1163906?
2, 581953
What are the prime factors of 194885?
5, 38977
What are the prime factors of 28961?
28961
What are the prime factors of 86810?
2, 5, 8681
What are the prime factors of 9730047?
3, 3243349
What are the prime factors of 17421909?
3, 71, 263, 311
List the prime factors of 445185.
3, 5, 13, 761
List the prime factors of 1641586.
2, 820793
What are the prime factors of 150610?
2, 5, 15061
What are the prime factors of 11585363?
1213, 9551
What are the prime factors of 6874775?
5, 73, 3767
What are the prime factors of 1424655?
3, 5, 61, 173
List the prime factors of 936556.
2, 234139
List the prime factors of 32218367.
653, 49339
What are the prime factors of 2444515?
5, 17, 28759
What are the prime factors of 86812?
2, 11, 1973
What are the prime factors of 16233435?
3, 5, 97, 3719
What are the prime factors of 220602?
2, 3, 36767
List the prime factors of 242074.
2, 7, 17291
What are the prime factors of 326430?
2, 3, 5, 13, 31
What are the prime factors of 2357920?
2, 5, 14737
What are the prime factors of 172984?
2, 7, 3089
List the prime factors of 495761.
7, 70823
What are the prime factors of 5329508?
2, 41, 32497
List the prime factors of 1638733.
1638733
List the prime factors of 839786.
2, 419893
What are the prime factors of 523705?
5, 7, 13, 1151
List the prime factors of 239023.
239023
What are the prime factors of 28664053?
11, 236893
What are the prime factors of 3211742?
2, 17, 94463
What are the prime factors of 1335177?
3, 49451
What are the prime factors of 161065?
5, 32213
List the prime factors of 1958214.
2, 3, 326369
What are the prime factors of 304065?
3, 5, 29, 233
List the prime factors of 3665361.
3, 7, 347, 503
What are the prime factors of 2442370?
2, 5, 7, 23, 37, 41
List the prime factors of 38726179.
907, 42697
What are the prime factors of 15767892?
2, 3, 7, 20857
What are the prime factors of 875015?
5, 175003
List the prime factors of 179410.
2, 5, 7, 11, 233
List the prime factors of 651454.
2, 307, 1061
List the prime factors of 13673310.
2, 3, 5, 7, 65111
What are the prime factors of 6382075?
5, 7, 36469
What are the prime factors of 96079?
96079
List the prime factors of 461728.
2, 47, 307
List the prime factors of 56025.
3, 5, 83
List the prime factors of 2135951.
2135951
What are the prime factors of 147943?
337, 439
List the prime factors of 77811.
3, 37, 701
List the prime factors of 1003374.
2, 3, 17, 1093
List the prime factors of 71501.
127, 563
What are the prime factors of 108378?
2, 3, 223
What are the prime factors of 4238692?
2, 31, 34183
List the prime factors of 61049.
41, 1489
What are the prime factors of 1465468?
2, 17, 23, 937
What are the prime factors of 1457783?
1457783
List the prime factors of 70714.
2, 7, 5051
List the prime factors of 105304.
2, 13163
List the prime factors of 40997297.
11, 3727027
List the prime factors of 1886037.
3, 628679
What are the prime factors of 1053927?
3, 7, 16729
List the prime factors of 1226230.
2, 5, 47, 2609
What are the prime factors of 2770800?
2, 3, 5, 2309
What are the prime factors of 4230165?
3, 5, 282011
List the prime factors of 2244587.
2244587
What are the prime factors of 1691773?
29, 58337
List the prime factors of 2487798.
2, 3, 41, 3371
What are the prime factors of 110804?
2, 27701
List the prime factors of 205324.
2, 7, 7333
List the prime factors of 215053.
83, 2591
List the prime factors of 2641439.
167, 15817
What are the prime factors of 475916?
2, 7, 23, 739
List the prime factors of 152929.
7, 3121
What are the prime factors of 3271161?
3, 1090387
What are the prime factors of 99952?
2, 6247
What are the prime factors of 438895?
5, 61, 1439
List the prime factors of 25751